 be the first derivative of 2*l**2 + 29*l + 37. Let g(s) = 5*q(s) + 6*r(s). Give g(v).
-1
Let o(c) be the first derivative of -c**2/2 - 12*c + 3. Let z be -19*(-8)/760 + 2/10*-61. Determine o(z).
0
Let j(x) be the third derivative of -x**4/24 - x**3/3 + 30*x**2. Suppose -139*g = -135*g + 4. Let s be (-18)/(-8)*(3 - g). Determine j(s).
-11
Let j = 2 + -6. Let y(k) be the second derivative of -3*k**3/2 - k**2 + 23396*k. Give y(j).
34
Let s = -1042 - -1046. Let z(i) = i**2 + i - 1. Let x(k) = 2*k**2 - 4*k + 3. Let h(y) = -x(y) + z(y). What is h(s)?
0
Let o(n) be the second derivative of -n**5/20 - 2*n**4/3 - n**3/6 + 7*n**2 - 3*n + 773. What is o(0)?
14
Let k(f) = 70*f - 60. Let v(i) = 10*i - 9. Let q(c) = -c**3 + 10*c**2 - 11*c + 15. Let d be q(9). Let w(s) = d*k(s) + 20*v(s). What is w(1)?
-10
Let a(s) be the first derivative of -s**2/2 - 22*s + 5300. What is a(-9)?
-13
Let k(t) = 45 - 15 - 11 + 5*t - 12 + t**2 - 13*t. Let f(o) be the first derivative of o**3/3 + o**2 - 7*o + 2. Let r be f(-5). Give k(r).
7
Suppose -149*o = 235*o. Let s(t) = -t**3 - 151. Determine s(o).
-151
Let v(s) = 2*s**3 - s**2 + 3*s - 6. Let j(o) = 5*o**3 - 2*o**2 + 7*o - 14. Let l(g) = 3*j(g) - 7*v(g). Calculate l(-1).
0
Let p(a) = 8. Let t(n) = n - 1. Let z(d) = 2*p(d) + 6*t(d). Let b be (1026/(-1254) - (-2)/(-11))/((-1)/(-7)). What is z(b)?
-32
Let g(o) = -o**2 + 11*o - 21. Let y be g(5). Let a(c) = -12*c + 20*c + 1 - y*c. Calculate a(4).
-3
Let m(c) = -c**3 - 3*c**2 - c. Let q be m(-3). Let h(y) be the third derivative of 2/3*y**q + 0*y - 1/24*y**4 + 14*y**2 + 0. Calculate h(4).
0
Let h(j) = 699*j - 1391. Let x be h(2). Let b(v) = -v**3 + 9*v**2 - 17*v + 20. Determine b(x).
-1
Let g(w) be the third derivative of w**5/10 - 15*w**4/8 - 5*w**3/2 - 3*w**2 + 17*w + 40. Give g(8).
9
Let n(k) = k**3 - k**2 - 2*k + 3. Suppose -99*p + 32*p = -134. Give n(p).
3
Suppose 1 - 16 = 5*n. Let g(a) be the third derivative of -a**4/8 - a**3/2 - 10*a**2. Give g(n).
6
Let q(j) = 5*j**2 + 3*j - 3. Let m(p) be the first derivative of 3*p**3 + 3*p**2 - 5*p + 23. Let x(f) = 6*m(f) - 11*q(f). Give x(4).
-1
Let w(t) be the first derivative of t**3/3 - 3*t**2 + 9*t + 297. Let d(h) = h**2 + 6*h + 15. Let j be d(-2). What is w(j)?
16
Let j = 6126 - 6123. Let r(i) be the third derivative of 0*i**3 - 1/20*i**5 - 2*i**2 + 0*i + 0 + 1/6*i**4. Give r(j).
-15
Let s(y) be the first derivative of 61 - 3*y**2 + 3*y - 1/3*y**3. Calculate s(-7).
-4
Let z(n) be the second derivative of 3/2*n**2 + 2 + 3*n - 1/6*n**3. Calculate z(6).
-3
Let p(w) = -24 - 17*w + 12*w + 16. Determine p(-20).
92
Let m(a) = 2*a**2 + 2. Let r(s) = -s**3 - 3*s**2 + 5. Let q be r(-4). Suppose 3*j - q = 3. Suppose 8*b - 16 = 4*b, -2*l - b = -j. Give m(l).
10
Suppose -2*x + 15 = 5*u, 4*u - 3*x - 12 = 23. Let o(w) = -10*w - 6 + 6*w - 2 + 7*w. What is o(u)?
7
Let a(i) be the third derivative of -i**6/10 + i**4/12 + i**3/6 + 1678*i**2. Give a(2).
-91
Suppose -106*k + 35 = -5*w - 104*k, -2*w = k + 5. Let n(g) = -5*g**2 - 5*g + 3. Let a(m) = -14*m**2 - 14*m + 8. Let b(y) = -6*a(y) + 17*n(y). Calculate b(w).
-17
Let v(f) be the third derivative of f**5/60 - 13*f**4/24 - 23*f**3/3 + 350*f**2 + 3. Calculate v(16).
2
Let a(l) = -19*l - 299. Let y(u) = 9*u + 133. Let x(t) = -4*a(t) - 9*y(t). Give x(6).
-31
Let p(q) = q**3 + 11*q**2 - 78*q + 33. Let m be p(-16). Let c(a) = 29*a**2 + 5*a - 3. Calculate c(m).
31
Let u be (6/(-7)*1)/((-96)/448). Suppose -x - 1 = 0, u*i + i + 34 = -4*x. Let r(w) = -5 + 6*w - 2*w - 9*w + 4*w. What is r(i)?
1
Let c be (15/4)/(27/144*4). Suppose o - c = -f, 5*o = f + 5 - 4. Let d(s) = -s**3 + s**2 - 2*s + 2. What is d(o)?
0
Let w = -16 + 8. Let m(n) be the second derivative of -n**5/20 - 7*n**4/12 + 3*n**3/2 + 6*n**2 - 2455*n. What is m(w)?
4
Let p(d) = -1 - 2 - 3*d + d. Let q = 0 - -1. Suppose 2*b = q - 7. Calculate p(b).
3
Let c(n) = -n**3 + 9*n**2 - 9*n - 10. Let l(z) = -28*z - 173. Let u be l(-6). Let s be 16/u*4/(32/(-20)). Determine c(s).
-18
Let r(w) = -4*w**2 - 44*w - 2. Let m(p) = p**3 + 15*p**2 - 9*p - 10. Let u be m(0). What is r(u)?
38
Let l(t) = t**3 - 8*t**2 - 34*t - 1. Suppose -5*b = -2*s - 58 - 7, -2*b = -2*s - 32. What is l(b)?
-12
Suppose 6*z = 3*z + 3. Let b(o) = 5 - 4*o - 3 - z. Let w(m) = 4*m + 247. Let d be w(-62). Determine b(d).
5
Let u(w) = 2*w - 31. Let y(r) = 44*r**2 + 11*r - 26. Let i be y(2). Let m = i + -159. Give u(m).
-5
Suppose -29*f + 2 = -31*f. Let w(x) = -7*x**2 + 3*x - x + x + 7*x - 11*x. Give w(f).
-6
Let x(o) = 17137*o - 17139*o - 2 - 25 - 11. Determine x(-11).
-16
Let m(y) = y**3 - 11*y**2 - 9*y - 8. Suppose 10 = 5*q - 0. Let n = q - -10. Give m(n).
28
Let a = 1192 + -1191. Let c(g) = -2*g - 2. Give c(a).
-4
Suppose 2*w + 2498 = -2*q + 2428, 0 = 2*w - 8. Let z(f) = -2*f**3 - 77*f**2 + 45*f + 238. Calculate z(q).
4
Let g(x) = 7*x**2 - 6*x - 98. Let j(i) = 25*i**2 - 21*i - 343. Let o(d) = 18*g(d) - 5*j(d). Calculate o(-6).
5
Let v(d) = 2*d - 16. Let w(z) = 23*z - 110. Let g(f) = 2*v(f) - w(f). Calculate g(4).
2
Suppose x + 54 = 5*p, -4*p + 87*x + 43 = 86*x. Let c(b) = -3*b + 37. What is c(p)?
4
Let b = 826 - 1198. Let a = b + 374. Let n(j) = 6*j**2 - 20*j - 6. Let w(u) = 2*u**2 - 7*u - 2. Let y(k) = -5*n(k) + 14*w(k). Determine y(a).
-2
Let s(u) = 89177*u + 17 + u**3 + 13 - 44592*u - 44587*u - 14*u**2. Determine s(14).
2
Let m = 1846 - 1853. Let k(c) = -c**3 - 7*c**2 + 4*c + 24. Calculate k(m).
-4
Let t(x) be the second derivative of -x**4/12 - 19*x**3/6 - x**2/2 - 218*x. Give t(-20).
-21
Let u(h) = 20*h**2 + 65*h + 65. Let q(k) = 7*k**2 + 22*k + 22. Let w(x) = 17*q(x) - 6*u(x). Let a = -1688732 + 1688717. Calculate w(a).
-1
Let g(v) = -180*v + 1085. Let j be g(6). Let l(m) be the third derivative of -j*m**2 + 0*m - 1/60*m**5 + 0 - 1/3*m**4 + 0*m**3. Determine l(-8).
0
Suppose -u + 3*y + 41 = 0, -2*u = y + 3*y - 82. Suppose 16 = 5*m + u. Let i(n) = -n**3 - 6*n**2 - 2*n + 5. Give i(m).
-10
Let z(p) = p - 3. Let i(g) be the first derivative of g**4/2 + 2*g**3/3 - 2*g**2 + 3*g - 80. Let q be i(1). Calculate z(q).
0
Let k(z) = 2*z - 7. Let t be k(-2). Let m(v) = 10*v + 108. Let u be m(t). Let i(y) = -y - 4. Determine i(u).
-2
Let f(x) = 409*x - 6. Let b(q) = -367*q + 7. Let d(g) = -10*b(g) - 9*f(g). Determine d(4).
-60
Let r(c) be the third derivative of 0 + 62*c**2 + 0*c - 1/60*c**5 + 1/2*c**3 - 7/24*c**4. Determine r(-7).
3
Let g(y) be the first derivative of -y**4/4 - 4*y**3/3 + 3*y**2/2 + 9*y + 3149. Calculate g(-5).
19
Let r(i) = 54*i**3 - 20*i**2 + 11*i - 12. Let t(j) = 65*j**3 - 22*j**2 + 11*j - 13. Let u(v) = 6*r(v) - 5*t(v). Give u(-11).
-7
Let d(h) be the third derivative of h**7/60 + h**5/60 + h**4/24 - 17*h**3 + 74*h**2 - 1. Let t(j) be the first derivative of d(j). Calculate t(-1).
-15
Let x(q) = -688*q + 12 + 688*q + q**2 - 5. Give x(6).
43
Let s(b) = -3 + 2*b + 0*b + 4 - b**2 + 4*b. Let v = 1360 + -1355. Calculate s(v).
6
Let z(i) = -2*i**2 + 12*i - 4. Let s be z(8). Let w be (-2)/10 + 2152/(-40). Let f be (-14)/6 - s/w - 2. Let c(h) = h**3 + 4*h**2 - 6*h - 7. Determine c(f).
-2
Let o(i) be the third derivative of 0 - 1/8*i**4 + 2/3*i**3 - 1/15*i**5 - 1/120*i**6 - 2*i**2 - 9*i. What is o(-3)?
4
Let o(s) = 5*s**3 - s**2 - 3*s + 3. Let y(x) = -4*x - 36. Let v be y(-8). Let u be (-2 + 6 - -2) + v. Give o(u).
33
Let y be ((-12)/(-18))/((-2)/(-108)*-4). Let t be 10/(-2) + (-7 - -4 - y). Let k(n) = 4*n**3 + 1. What is k(t)?
5
Let p(a) be the first derivative of 5*a**2/2 + 5*a - 1. Suppose 335 + 367 = -115*k + 127. Calculate p(k).
-20
Let a be ((-144)/30 - -5)/((-5)/(-275)). Suppose -a*k = 3*k - 28. Let g(c) = 6*c - 11. Calculate g(k).
1
Suppose -5*d = -3*d - 94. Let g = d - 41. Let f(n) = n**2 - 166*n + 0 + 173*n - g. Calculate f(-7).
-6
Suppose 0 = -3*z, -6*h + 11*h + z - 25 = 0. Suppose -27 = 3*b - 3*c, 2*c + 21 = -h*b + c. Let n(w) = -3*w - 7. Calculate n(b).
8
Let x(l) be the second derivative of -l**5/20 + l**4/3 + l**3/6 - 3*l**2/2 + 3*l - 6. Let b = -1485 + 1490. Give x(b).
-23
Suppose 0 = -5*g - 2*u + 86, u - 7 - 81 = -5*g. Let f(m) = -2*m**3 + 6*m**3 - g*m**3 + 2*m**2 - m + 7*m**3 - 3. Let p be f(-1). Let o(c) = -c + 4. What is o(p)?
-3
Let u be (-168)/(-18)*(-3)/2. Let l be (-66)/u + 4/14. Let y(t) = -23 + 19 + 8 - 5*t. Give y(l).
-21
Let m(f) = -2*f + 4*f - 11046